?
2
What is the thousands digit of 945380?
5
What is the millions digit of 1339543?
1
What is the hundreds digit of 131977?
9
What is the millions digit of 1610077?
1
What is the thousands digit of 70602?
0
What is the tens digit of 2319862?
6
What is the units digit of 673404?
4
What is the hundred thousands digit of 460224?
4
What is the tens digit of 247953?
5
What is the thousands digit of 316350?
6
What is the hundred thousands digit of 140480?
1
What is the hundred thousands digit of 690161?
6
What is the tens digit of 277499?
9
What is the millions digit of 3200214?
3
What is the thousands digit of 176702?
6
What is the ten thousands digit of 3208366?
0
What is the millions digit of 16957536?
6
What is the thousands digit of 15107266?
7
What is the units digit of 10499?
9
What is the hundred thousands digit of 2530557?
5
What is the hundred thousands digit of 199649?
1
What is the hundreds digit of 9033835?
8
What is the units digit of 3057271?
1
What is the thousands digit of 4278015?
8
What is the tens digit of 2725?
2
What is the millions digit of 1423604?
1
What is the ten thousands digit of 220177?
2
What is the thousands digit of 9686011?
6
What is the thousands digit of 406452?
6
What is the thousands digit of 1588185?
8
What is the units digit of 1801012?
2
What is the units digit of 414455?
5
What is the units digit of 25650737?
7
What is the ten thousands digit of 11583?
1
What is the ten thousands digit of 8657340?
5
What is the thousands digit of 5193085?
3
What is the units digit of 579174?
4
What is the millions digit of 7477173?
7
What is the hundreds digit of 282925?
9
What is the millions digit of 2895560?
2
What is the hundred thousands digit of 693703?
6
What is the ten millions digit of 35342434?
3
What is the thousands digit of 552150?
2
What is the hundreds digit of 82104?
1
What is the hundred thousands digit of 230782?
2
What is the ten thousands digit of 5761440?
6
What is the ten thousands digit of 247886?
4
What is the hundred thousands digit of 200405?
2
What is the hundred thousands digit of 19051846?
0
What is the hundreds digit of 266725?
7
What is the ten thousands digit of 906182?
0
What is the ten thousands digit of 4468783?
6
What is the hundreds digit of 140914?
9
What is the hundred thousands digit of 139758?
1
What is the tens digit of 1036247?
4
What is the units digit of 293123?
3
What is the millions digit of 2329658?
2
What is the thousands digit of 5356377?
6
What is the tens digit of 20121430?
3
What is the units digit of 46721?
1
What is the units digit of 218668?
8
What is the ten thousands digit of 4856245?
5
What is the ten thousands digit of 32421196?
2
What is the units digit of 10401768?
8
What is the units digit of 455867?
7
What is the hundreds digit of 8126484?
4
What is the units digit of 1123290?
0
What is the millions digit of 6681200?
6
What is the hundreds digit of 846869?
8
What is the ten thousands digit of 1435402?
3
What is the hundred thousands digit of 145516?
1
What is the thousands digit of 2765455?
5
What is the hundreds digit of 1414005?
0
What is the thousands digit of 70285?
0
What is the hundred thousands digit of 9064504?
0
What is the thousands digit of 100371?
0
What is the thousands digit of 6570564?
0
What is the units digit of 5944411?
1
What is the ten thousands digit of 561492?
6
What is the tens digit of 1847429?
2
What is the millions digit of 26370272?
6
What is the hundreds digit of 7427954?
9
What is the units digit of 141044?
4
What is the hundreds digit of 1173146?
1
What is the hundreds digit of 2759746?
7
What is the tens digit of 1079670?
7
What is the ten thousands digit of 7228505?
2
What is the units digit of 382160?
0
What is the millions digit of 3118027?
3
What is the units digit of 2917702?
2
What is the hundred thousands digit of 5852589?
8
What is the thousands digit of 13109866?
9
What is the units digit of 869598?
8
What is the hundred thousands digit of 1706388?
7
What is the ten thousands digit of 3457927?
5
What is the hundreds digit of 81020?
0
What is the millions digit of 9485035?
9
What is the thousands digit of 6031725?
1
What is the tens digit of 684751?
5
What is the thousands digit of 2739764?
9
What is the hundred thousands digit of 24455987?
4
What is the tens digit of 62858?
5
What is the tens digit of 3375013?
1
What is the units digit of 213762?
2
What is the units digit of 231096?
6
What is the millions digit of 22159982?
2
What is the units digit of 4319005?
5
What is the units digit of 4749189?
9
What is the millions digit of 30209312?
0
What is the thousands digit of 956497?
6
What is the hundreds digit of 314016?
0
What is the ten thousands digit of 628865?
2
What is the tens digit of 95862?
6
What is the hundred thousands digit of 482467?
4
What is the thousands digit of 72215?
2
What is the thousands digit of 19793020?
3
What is the hundreds digit of 318931?
9
What is the thousands digit of 6287860?
7
What is the hundred thousands digit of 170764?
1
What is the units digit of 136890?
0
What is the ten thousands digit of 528594?
2
What is the tens digit of 37387649?
4
What is the thousands digit of 207900?
7
What is the units digit of 2836537?
7
What is the units digit of 4415026?
6
What is the ten thousands digit of 2530663?
3
What is the hundreds digit of 244439?
4
What is the tens digit of 22567509?
0
What is the units digit of 20397882?
2
What is the ten thousands digit of 3841458?
4
What is the millions digit of 13745985?
3
What is the units digit of 485880?
0
What is the hundreds digit of 165046?
0
What is the units digit of 801232?
2
What is the hundred thousands digit of 225550?
2
What is the ten thousands digit of 960342?
6
What is the thousands digit of 128951?
8
What is the tens digit of 263355?
5
What is the millions digit of 16199761?
6
What is the hundred thousands digit of 7961336?
9
What is the hundred thousands digit of 315816?
3
What is the hundred thousands digit of 3498041?
4
What is the thousands digit of 801364?
1
What is the ten thousands digit of 98175?
9
What is the ten thousands digit of 3327024?
2
What is the ten thousands digit of 2202802?
0
What is the tens digit of 76448?
4
What is the ten thousands digit of 20789?
2
What is the ten thousands digit of 690862?
9
What is the units digit of 2866700?
0
What is the tens digit of 407656?
5
What is the millions digit of 5305164?
5
What is the units digit of 4443002?
2
What is the ten thousands digit of 449992?
4
What is the tens digit of 51603?
0
What is the ten thousands digit of 13721?
1
What is the ten thousands digit of 2668991?
6
What is the thousands digit of 3130345?
0
What is the hundred thousands digit of 973102?
9
What is the hundred thousands digit of 14151990?
1
What is the units digit of 1463904?
4
What is the units digit of 66797?
7
What is the millions digit of 11820690?
1
What is the ten thousands digit of 339899?
3
What is the tens digit of 254325?
2
What is the units digit of 208580?
0
What is the units digit of 157660?
0
What is the thousands digit of 8489634?
9
What is the hundreds digit of 1539889?
8
What is the thousands digit of 1495700?
5
What is the thousands digit of 27765832?
5
What is the hundreds digit of 475658?
6
What is the thousands digit of 330161?
0
What is the hundred thousands digit of 358426?
3
What is the ten thousands digit of 6794681?
9
What is the hundreds digit of 49896?
8
What is the thousands digit of 34992?
4
What is the tens digit of 5782613?
1
What is the units digit of 5022060?
0
What is the thousands digit of 641405?
1
What is the ten thousands digit of 1472768?
7
What is the hundreds digit of 45681?
6
What is the hundred thousands digit of 2528357?
5
What is the ten thousands digit of 994432?
9
What is the units digit of 1023005?
5
What is the units digit of 402181?
1
What is the hundred thousands digit of 874361?
8
What is the millions digit of 10893396?
0
What is the thousands digit of 22075116?
5
What is the units digit of 3629166?
6
What is the thousands digit of 10351352?
1
What is the hundred thousands digit of 218883?
2
What is the thousands digit of 41544?
1
What is the tens digit of 1595264?
6
What is the hundred thousands digit of 7936895?
9
What is the hundreds digit of 389626?